{"id":836,"date":"2023-06-11T19:45:43","date_gmt":"2023-06-11T19:45:43","guid":{"rendered":"https:\/\/matematicastro.es\/?page_id=836"},"modified":"2025-01-03T20:13:29","modified_gmt":"2025-01-03T18:13:29","slug":"muestras-de-examenes-de-matematicas-de-2o-de-eso-coleccion-5","status":"publish","type":"page","link":"https:\/\/matematicastro.es\/?page_id=836","title":{"rendered":"Muestras de ex\u00e1menes de matem\u00e1ticas de 2\u00ba de ESO (Colecci\u00f3n 5)"},"content":{"rendered":"\n<p class=\"has-medium-font-size\"><a href=\"https:\/\/1drv.ms\/b\/s!Aj6in--Gc43qheAZR-kZhTyik1368A?e=IOg7bn\">Examen 1<\/a><\/p>\n\n\n\n<blockquote class=\"wp-block-quote is-layout-flow wp-block-quote-is-layout-flow\">\n<p>Operaciones combinadas con n\u00fameros enteros. Factorizaci\u00f3n en producto de primos. MCD. MCM. Raz\u00f3n y proporci\u00f3n. Fracci\u00f3n irreducible. Reducci\u00f3n a com\u00fan denominador: orden en las fracciones. Operaciones b\u00e1sicas y combinadas con fracciones. Problemas que se resuelven haciendo uso del MCD o el MCM. Problemas que se resuelven haciendo uso de las fracciones.<\/p>\n<\/blockquote>\n\n\n\n<p class=\"has-medium-font-size\"><a href=\"https:\/\/1drv.ms\/b\/s!Aj6in--Gc43qheAYPooyf7I7CrgLgg?e=O7EcAB\">Examen 2<\/a><\/p>\n\n\n\n<blockquote class=\"wp-block-quote is-layout-flow wp-block-quote-is-layout-flow\">\n<p>Operaciones con potencias. Ra\u00edz cuadrada. C\u00e1lculo de una ra\u00edz cuadrada por aproximaciones sucesivas. Operaciones combinadas con potencias, ra\u00edces y fracciones. Operaciones con n\u00fameros decimales. Aproximaci\u00f3n de n\u00fameros decimales. Paso de fracci\u00f3n a decimales. Tipos de n\u00fameros decimales. Problemas de decimales.<\/p>\n<\/blockquote>\n\n\n\n<p class=\"has-medium-font-size\"><a href=\"https:\/\/1drv.ms\/b\/s!Aj6in--Gc43qheAXQCy3SR3_mcAp6w?e=CU6jC9\">Examen 3<\/a><\/p>\n\n\n\n<blockquote class=\"wp-block-quote is-layout-flow wp-block-quote-is-layout-flow\">\n<p>Operaciones combinadas con n\u00fameros enteros. MCD. MCM. Operaciones combinadas con fracciones.  Problemas que se resuelven haciendo uso de las fracciones. Operaciones con potencias. Ra\u00edz cuadrada. Operaciones en las que aparecen potencias, ra\u00edces y fracciones. Aproximaci\u00f3n de n\u00fameros decimales. Paso de fracci\u00f3n a decimales. Tipos de n\u00fameros decimales. Problemas de decimales.<\/p>\n<\/blockquote>\n\n\n\n<p class=\"has-medium-font-size\"><a href=\"https:\/\/1drv.ms\/b\/s!Aj6in--Gc43qheAWRNDuKbH5DYsuXg?e=OgdcC9\">Examen 4<\/a> &#8211; <a href=\"https:\/\/1drv.ms\/b\/s!Aj6in--Gc43qheAVobrpCiOhw7C67g?e=FazJko\">Examen 5<\/a><\/p>\n\n\n\n<blockquote class=\"wp-block-quote is-layout-flow wp-block-quote-is-layout-flow\">\n<p>Expresiones algebraicas. Monomios. Operaciones con monomios. Polinomios: valor num\u00e9rico de un polinomio. Operaciones con polinomios. Factor com\u00fan. Igualdades o identidades notables.<\/p>\n<\/blockquote>\n\n\n\n<p class=\"has-medium-font-size\"><a href=\"https:\/\/1drv.ms\/b\/s!Aj6in--Gc43qheATXw7ZVgDc49kHsA?e=Mg3aM9\">Examen 6<\/a><\/p>\n\n\n\n<blockquote class=\"wp-block-quote is-layout-flow wp-block-quote-is-layout-flow\">\n<p>Operaciones con monomios. Valor num\u00e9rico de un polinomio. Operaciones con polinomios. Igualdades o identidades notables. Ecuaciones de primer grado. Ecuaciones de segundo grado.<\/p>\n<\/blockquote>\n\n\n\n<p class=\"has-medium-font-size\"><a href=\"https:\/\/1drv.ms\/b\/s!Aj6in--Gc43qheASw7UwfMRDtyVMUA?e=IzIALS\">Examen 7<\/a><\/p>\n\n\n\n<blockquote class=\"wp-block-quote is-layout-flow wp-block-quote-is-layout-flow\">\n<p>Operaciones con monomios. Valor num\u00e9rico de un polinomio. Operaciones con polinomios. Igualdades o identidades notables. Ecuaciones de primer grado. Ecuaciones de segundo grado. Sistemas de ecuaciones.<\/p>\n<\/blockquote>\n\n\n\n<p class=\"has-medium-font-size\"><a href=\"https:\/\/1drv.ms\/b\/s!Aj6in--Gc43qheARvexZ7FEFqUstEw?e=3hljMO\">Examen 8<\/a><\/p>\n\n\n\n<blockquote class=\"wp-block-quote is-layout-flow wp-block-quote-is-layout-flow\">\n<p>Ecuaciones de primer grado. Ecuaciones de segundo grado. Sistemas de dos ecuaciones con dos inc\u00f3gnitas: m\u00e9todos de sustituci\u00f3n, igualaci\u00f3n y reducci\u00f3n. Problemas que se resuelven planteando una ecuaci\u00f3n o un sistema de ecuaciones.<\/p>\n<\/blockquote>\n\n\n\n<p class=\"has-medium-font-size\"><a href=\"https:\/\/1drv.ms\/b\/s!Aj6in--Gc43qheAUiCQcWvQJwlt-qA?e=3XpW5m\">Examen 9<\/a><\/p>\n\n\n\n<blockquote class=\"wp-block-quote is-layout-flow wp-block-quote-is-layout-flow\">\n<p>Proporcionalidad num\u00e9rica. Magnitudes directa e inversamente proporcionales: reglas de tres. Porcentajes. Proporcionalidad geom\u00e9trica. Semejanza de tri\u00e1ngulos. Teorema de Pit\u00e1goras. \u00c1reas y per\u00edmetros de figuras planas.<\/p>\n<\/blockquote>\n\n\n\n<p class=\"has-medium-font-size\"><a href=\"https:\/\/1drv.ms\/b\/s!Aj6in--Gc43qheAQT2w3Exs3zgRoRw?e=n64uxw\">Examen 10<\/a><\/p>\n\n\n\n<blockquote class=\"wp-block-quote is-layout-flow wp-block-quote-is-layout-flow\">\n<p>Teorema de Tales. Proporcionalidad geom\u00e9trica. Semejanza de tri\u00e1ngulos. Teorema de Pit\u00e1goras. \u00c1reas de figuras planas. Figuras circulares. \u00c1reas de prismas y pir\u00e1mides. <\/p>\n<\/blockquote>\n\n\n\n<p class=\"has-medium-font-size\"><a href=\"https:\/\/1drv.ms\/b\/s!Aj6in--Gc43qheAPRrU9_XMTACULgQ?e=0GAHTj\">Examen 11<\/a><\/p>\n\n\n\n<blockquote class=\"wp-block-quote is-layout-flow wp-block-quote-is-layout-flow\">\n<p>Proporcionalidad. Reglas de tres. Porcentajes. Semejanza de tri\u00e1ngulos. Teorema de Pit\u00e1goras. \u00c1reas y per\u00edmetros de figuras planas.<\/p>\n<\/blockquote>\n\n\n\n<p class=\"has-medium-font-size\"><a href=\"https:\/\/1drv.ms\/b\/s!Aj6in--Gc43qheAOt8ebMdPq3zYdhw?e=ax8Zkf\">Examen 12<\/a><\/p>\n\n\n\n<blockquote class=\"wp-block-quote is-layout-flow wp-block-quote-is-layout-flow\">\n<p>Este es un examen final, con todo tipo de contenidos.<\/p>\n<\/blockquote>\n","protected":false},"excerpt":{"rendered":"<p>Examen 1 Operaciones combinadas con n\u00fameros enteros. Factorizaci\u00f3n en producto de primos. MCD. MCM. Raz\u00f3n y proporci\u00f3n. Fracci\u00f3n irreducible. Reducci\u00f3n a com\u00fan denominador: orden en las fracciones. Operaciones b\u00e1sicas y combinadas con fracciones. Problemas que se resuelven haciendo uso del MCD o el MCM. Problemas que se resuelven haciendo uso de las fracciones. Examen 2 [&hellip;]<\/p>\n","protected":false},"author":1,"featured_media":0,"parent":0,"menu_order":0,"comment_status":"closed","ping_status":"closed","template":"","meta":{"footnotes":""},"class_list":["post-836","page","type-page","status-publish","hentry","post"],"_links":{"self":[{"href":"https:\/\/matematicastro.es\/index.php?rest_route=\/wp\/v2\/pages\/836","targetHints":{"allow":["GET"]}}],"collection":[{"href":"https:\/\/matematicastro.es\/index.php?rest_route=\/wp\/v2\/pages"}],"about":[{"href":"https:\/\/matematicastro.es\/index.php?rest_route=\/wp\/v2\/types\/page"}],"author":[{"embeddable":true,"href":"https:\/\/matematicastro.es\/index.php?rest_route=\/wp\/v2\/users\/1"}],"replies":[{"embeddable":true,"href":"https:\/\/matematicastro.es\/index.php?rest_route=%2Fwp%2Fv2%2Fcomments&post=836"}],"version-history":[{"count":5,"href":"https:\/\/matematicastro.es\/index.php?rest_route=\/wp\/v2\/pages\/836\/revisions"}],"predecessor-version":[{"id":2737,"href":"https:\/\/matematicastro.es\/index.php?rest_route=\/wp\/v2\/pages\/836\/revisions\/2737"}],"wp:attachment":[{"href":"https:\/\/matematicastro.es\/index.php?rest_route=%2Fwp%2Fv2%2Fmedia&parent=836"}],"curies":[{"name":"wp","href":"https:\/\/api.w.org\/{rel}","templated":true}]}}