{"id":821,"date":"2023-06-09T18:54:30","date_gmt":"2023-06-09T18:54:30","guid":{"rendered":"https:\/\/matematicastro.es\/?page_id=821"},"modified":"2024-11-10T20:55:09","modified_gmt":"2024-11-10T18:55:09","slug":"muestras-de-examenes-de-matematicas-de-3o-de-eso-coleccion-1","status":"publish","type":"page","link":"https:\/\/matematicastro.es\/?page_id=821","title":{"rendered":"Muestras de ex\u00e1menes de matem\u00e1ticas de 3\u00ba de ESO (Colecci\u00f3n 1)"},"content":{"rendered":"\n<p class=\"has-medium-font-size\"><a href=\"https:\/\/1drv.ms\/b\/s!Aj6in--Gc43qheBCxchTlhNoqaOudw?e=vszYE1\">Examen 1<\/a> &#8211; <a href=\"https:\/\/1drv.ms\/b\/s!Aj6in--Gc43qheBBjypMd2Av5C4wxg?e=hK6FVg\">Examen 2<\/a><\/p>\n\n\n\n<blockquote class=\"wp-block-quote is-layout-flow wp-block-quote-is-layout-flow\">\n<p>Operaciones combinadas con n\u00fameros enteros. MCD. MCM. Operaciones combinadas con fracciones. Operaciones con potencias. Problemas.<\/p>\n<\/blockquote>\n\n\n\n<p class=\"has-medium-font-size\"><a href=\"https:\/\/1drv.ms\/b\/s!Aj6in--Gc43qheBA2Nb0nVI003wbkw?e=Bdf3v5\">Examen 3<\/a> &#8211; <a href=\"https:\/\/1drv.ms\/b\/s!Aj6in--Gc43qheA_GrbztdgyIlOqFg?e=PkHmte\">Examen 4<\/a> &#8211; <a href=\"https:\/\/1drv.ms\/b\/s!Aj6in--Gc43qheA-kMzVdx8WbvPa6A?e=pxx5b1\">Examen 5<\/a><\/p>\n\n\n\n<blockquote class=\"wp-block-quote is-layout-flow wp-block-quote-is-layout-flow\">\n<p>Operaciones combinadas con n\u00fameros enteros. MCD. MCM. Operaciones combinadas con fracciones. Operaciones con potencias. Notaci\u00f3n cient\u00edfica. Problemas.<\/p>\n<\/blockquote>\n\n\n\n<p class=\"has-medium-font-size\"><a href=\"https:\/\/1drv.ms\/b\/s!Aj6in--Gc43qheA9GFzlywN3qSX4NQ?e=tV6xIy\">Examen 6<\/a> &#8211; <a href=\"https:\/\/1drv.ms\/b\/s!Aj6in--Gc43qheA8ZTfCGFHHDLTAkw?e=5BIF3z\">Examen 7<\/a><\/p>\n\n\n\n<blockquote class=\"wp-block-quote is-layout-flow wp-block-quote-is-layout-flow\">\n<p>Proporcionalidad. Regla de tres. Repartos proporcionales. Porcentajes.<\/p>\n<\/blockquote>\n\n\n\n<p class=\"has-medium-font-size\"><a href=\"https:\/\/1drv.ms\/b\/s!Aj6in--Gc43qheA7PeLxfZlU4Ms77A?e=PaRaCe\">Examen 8<\/a><\/p>\n\n\n\n<blockquote class=\"wp-block-quote is-layout-flow wp-block-quote-is-layout-flow\">\n<p>Operaciones con monomios. Valor num\u00e9rico de un polinomio. Operaciones con polinomios. Factor com\u00fan.<\/p>\n<\/blockquote>\n\n\n\n<p class=\"has-medium-font-size\"><a href=\"https:\/\/1drv.ms\/b\/s!Aj6in--Gc43qheA60AFPj6d-HaISbA?e=Cr2w1I\">Examen 9 <\/a>&#8211; <a href=\"https:\/\/1drv.ms\/b\/s!Aj6in--Gc43qheA5UhIrDqzvJ8Talg?e=AMyvWd\">Examen 10<\/a><\/p>\n\n\n\n<blockquote class=\"wp-block-quote is-layout-flow wp-block-quote-is-layout-flow\">\n<p>Proporcionalidad. Porcentajes. Operaciones con monomios. Valor num\u00e9rico de un polinomio. Operaciones con polinomios. Factor com\u00fan.<\/p>\n<\/blockquote>\n\n\n\n<p class=\"has-medium-font-size\"><a href=\"https:\/\/1drv.ms\/b\/s!Aj6in--Gc43qheA4SzXTxc25XkGW5w?e=VwfvXa\">Examen 11<\/a> &#8211; <a href=\"https:\/\/1drv.ms\/b\/s!Aj6in--Gc43qheA3UFCiJeCenfCXow?e=5Uw67l\">Examen 12<\/a><\/p>\n\n\n\n<blockquote class=\"wp-block-quote is-layout-flow wp-block-quote-is-layout-flow\">\n<p>Divisi\u00f3n de polinomios. Regla de Ruffini. Ecuaciones de primer grado. Ecuaciones de segundo grado. Problemas que se resuelven planteando una ecuaci\u00f3n de primer grado.<\/p>\n<\/blockquote>\n\n\n\n<p class=\"has-medium-font-size\"><a href=\"https:\/\/1drv.ms\/b\/s!Aj6in--Gc43qheA1zFnjS4qSA-Oy_Q?e=8iAdty\">Examen 13<\/a> &#8211; <a href=\"https:\/\/1drv.ms\/b\/s!Aj6in--Gc43qheA2T4FvaaHJOrvibA?e=5ZDMle\">Examen 14<\/a><\/p>\n\n\n\n<blockquote class=\"wp-block-quote is-layout-flow wp-block-quote-is-layout-flow\">\n<p>Divisi\u00f3n de polinomios: regla de Ruffini.  Ecuaciones de primer grado. Ecuaciones de segundo grado. Sistemas de ecuaciones lineales. Problemas que se resuelven planteando una ecuaci\u00f3n de primer grado. Teorema de Pit\u00e1goras. \u00c1reas de figuras planas. <\/p>\n<\/blockquote>\n\n\n\n<p class=\"has-medium-font-size\"><a href=\"https:\/\/1drv.ms\/b\/s!Aj6in--Gc43qheA0ojyEj-XDPXpjwQ?e=v1sy4f\">Examen 15<\/a><\/p>\n\n\n\n<blockquote class=\"wp-block-quote is-layout-flow wp-block-quote-is-layout-flow\">\n<p>Examen final con todo tipo de contenidos. <\/p>\n<\/blockquote>\n","protected":false},"excerpt":{"rendered":"<p>Examen 1 &#8211; Examen 2 Operaciones combinadas con n\u00fameros enteros. MCD. MCM. Operaciones combinadas con fracciones. Operaciones con potencias. Problemas. Examen 3 &#8211; Examen 4 &#8211; Examen 5 Operaciones combinadas con n\u00fameros enteros. MCD. MCM. Operaciones combinadas con fracciones. Operaciones con potencias. Notaci\u00f3n cient\u00edfica. Problemas. Examen 6 &#8211; Examen 7 Proporcionalidad. Regla de tres. Repartos [&hellip;]<\/p>\n","protected":false},"author":1,"featured_media":0,"parent":0,"menu_order":0,"comment_status":"closed","ping_status":"closed","template":"","meta":{"footnotes":""},"class_list":["post-821","page","type-page","status-publish","hentry","post"],"_links":{"self":[{"href":"https:\/\/matematicastro.es\/index.php?rest_route=\/wp\/v2\/pages\/821","targetHints":{"allow":["GET"]}}],"collection":[{"href":"https:\/\/matematicastro.es\/index.php?rest_route=\/wp\/v2\/pages"}],"about":[{"href":"https:\/\/matematicastro.es\/index.php?rest_route=\/wp\/v2\/types\/page"}],"author":[{"embeddable":true,"href":"https:\/\/matematicastro.es\/index.php?rest_route=\/wp\/v2\/users\/1"}],"replies":[{"embeddable":true,"href":"https:\/\/matematicastro.es\/index.php?rest_route=%2Fwp%2Fv2%2Fcomments&post=821"}],"version-history":[{"count":3,"href":"https:\/\/matematicastro.es\/index.php?rest_route=\/wp\/v2\/pages\/821\/revisions"}],"predecessor-version":[{"id":2701,"href":"https:\/\/matematicastro.es\/index.php?rest_route=\/wp\/v2\/pages\/821\/revisions\/2701"}],"wp:attachment":[{"href":"https:\/\/matematicastro.es\/index.php?rest_route=%2Fwp%2Fv2%2Fmedia&parent=821"}],"curies":[{"name":"wp","href":"https:\/\/api.w.org\/{rel}","templated":true}]}}