{"id":2457,"date":"2024-07-09T14:22:02","date_gmt":"2024-07-09T12:22:02","guid":{"rendered":"https:\/\/matematicastro.es\/?page_id=2457"},"modified":"2024-07-10T13:01:42","modified_gmt":"2024-07-10T11:01:42","slug":"este-barco","status":"publish","type":"page","link":"https:\/\/matematicastro.es\/?page_id=2457","title":{"rendered":"Este barco"},"content":{"rendered":"\n<pre class=\"wp-block-verse\">El amor que me maltrata<br>se revuelve entre la bruma<br>y yo caigo cual fragata<br>rota bajo olas de espuma.<br><br>Me rescata un gran nav\u00edo,<br>fuerte valedor de mares.<br>El tuerto ordena con br\u00edo,<br>yo viajo por mis hogares.<br><br>En cubierta est\u00e1n las lunas<br>tapadas por el olvido.<br>Lejos quedaron las dunas<br>de tu cuerpo malherido.<br><br>Este es un mar grande, abierto.<br>Tengo un camarote parco<br>y s\u00f3lo me queda un puerto<br>donde dejar este barco.<\/pre>\n","protected":false},"excerpt":{"rendered":"<p>El amor que me maltratase revuelve entre la brumay yo caigo cual fragatarota bajo olas de espuma.Me rescata un gran nav\u00edo,fuerte valedor de mares.El tuerto ordena con br\u00edo,yo viajo por mis hogares.En cubierta est\u00e1n las lunastapadas por el olvido.Lejos quedaron las dunasde tu cuerpo malherido.Este es un mar grande, abierto.Tengo un camarote parcoy s\u00f3lo me [&hellip;]<\/p>\n","protected":false},"author":1,"featured_media":2458,"parent":0,"menu_order":0,"comment_status":"closed","ping_status":"closed","template":"","meta":{"footnotes":""},"class_list":["post-2457","page","type-page","status-publish","has-post-thumbnail","hentry","post","post-with-thumbnail","post-with-thumbnail-large"],"_links":{"self":[{"href":"https:\/\/matematicastro.es\/index.php?rest_route=\/wp\/v2\/pages\/2457","targetHints":{"allow":["GET"]}}],"collection":[{"href":"https:\/\/matematicastro.es\/index.php?rest_route=\/wp\/v2\/pages"}],"about":[{"href":"https:\/\/matematicastro.es\/index.php?rest_route=\/wp\/v2\/types\/page"}],"author":[{"embeddable":true,"href":"https:\/\/matematicastro.es\/index.php?rest_route=\/wp\/v2\/users\/1"}],"replies":[{"embeddable":true,"href":"https:\/\/matematicastro.es\/index.php?rest_route=%2Fwp%2Fv2%2Fcomments&post=2457"}],"version-history":[{"count":1,"href":"https:\/\/matematicastro.es\/index.php?rest_route=\/wp\/v2\/pages\/2457\/revisions"}],"predecessor-version":[{"id":2459,"href":"https:\/\/matematicastro.es\/index.php?rest_route=\/wp\/v2\/pages\/2457\/revisions\/2459"}],"wp:featuredmedia":[{"embeddable":true,"href":"https:\/\/matematicastro.es\/index.php?rest_route=\/wp\/v2\/media\/2458"}],"wp:attachment":[{"href":"https:\/\/matematicastro.es\/index.php?rest_route=%2Fwp%2Fv2%2Fmedia&parent=2457"}],"curies":[{"name":"wp","href":"https:\/\/api.w.org\/{rel}","templated":true}]}}