{"id":2352,"date":"2024-04-09T20:24:16","date_gmt":"2024-04-09T18:24:16","guid":{"rendered":"https:\/\/matematicastro.es\/?page_id=2352"},"modified":"2024-04-09T20:24:17","modified_gmt":"2024-04-09T18:24:17","slug":"estrato","status":"publish","type":"page","link":"https:\/\/matematicastro.es\/?page_id=2352","title":{"rendered":"Estrato"},"content":{"rendered":"\n<pre class=\"wp-block-verse\">Es la vida tan tenue, tan angosta\u2026<br>No puedo vivirla como la vivo.<br>Tienen tus cejas, padre, una mota<br>de polvo mortuorio blanquecino.<br><br>Las alturas se inclinan ante ti<br>porque t\u00fa eres a\u00fan m\u00e1s alto, m\u00e1s siempre.<br>Y un zagu\u00e1n de besos por s\u00f3lo un s\u00ed<br>desde tu pie incorrupto, inocente.<br><br>Desde tu \u00e1rbol cano, desde tus ra\u00edces<br>levanto un estrato oscuro de llanto,<br>de l\u00e1grimas limpias, las m\u00e1s dif\u00edciles<br>que pude derramar sobre tu labio.<br><br>Veo el campo pegado junto a casa,<br>su larga extensi\u00f3n imperecedera<br>como el camino, final que me abrasa:<br>amor se esparce sobre tu cadera.<br><br>S\u00ed, padre, s\u00ed. Una oruga me come<br>el intestino desde hace unos meses.<br>Es violenta esta pared, este gozne<br>de capital ardua sobre mi mente.<br><br>No s\u00e9 si alabarte o seguir muriendo.<br>La vida se me escapa muy deprisa,<br>r\u00e1pido, rapidito voy cayendo<br>en la fosa del m\u00e1s profundo enigma.<\/pre>\n","protected":false},"excerpt":{"rendered":"<p>Es la vida tan tenue, tan angosta\u2026No puedo vivirla como la vivo.Tienen tus cejas, padre, una motade polvo mortuorio blanquecino.Las alturas se inclinan ante tiporque t\u00fa eres a\u00fan m\u00e1s alto, m\u00e1s siempre.Y un zagu\u00e1n de besos por s\u00f3lo un s\u00eddesde tu pie incorrupto, inocente.Desde tu \u00e1rbol cano, desde tus ra\u00edceslevanto un estrato oscuro de llanto,de [&hellip;]<\/p>\n","protected":false},"author":1,"featured_media":2353,"parent":0,"menu_order":0,"comment_status":"closed","ping_status":"closed","template":"","meta":{"footnotes":""},"class_list":["post-2352","page","type-page","status-publish","has-post-thumbnail","hentry","post","post-with-thumbnail","post-with-thumbnail-large"],"_links":{"self":[{"href":"https:\/\/matematicastro.es\/index.php?rest_route=\/wp\/v2\/pages\/2352","targetHints":{"allow":["GET"]}}],"collection":[{"href":"https:\/\/matematicastro.es\/index.php?rest_route=\/wp\/v2\/pages"}],"about":[{"href":"https:\/\/matematicastro.es\/index.php?rest_route=\/wp\/v2\/types\/page"}],"author":[{"embeddable":true,"href":"https:\/\/matematicastro.es\/index.php?rest_route=\/wp\/v2\/users\/1"}],"replies":[{"embeddable":true,"href":"https:\/\/matematicastro.es\/index.php?rest_route=%2Fwp%2Fv2%2Fcomments&post=2352"}],"version-history":[{"count":1,"href":"https:\/\/matematicastro.es\/index.php?rest_route=\/wp\/v2\/pages\/2352\/revisions"}],"predecessor-version":[{"id":2354,"href":"https:\/\/matematicastro.es\/index.php?rest_route=\/wp\/v2\/pages\/2352\/revisions\/2354"}],"wp:featuredmedia":[{"embeddable":true,"href":"https:\/\/matematicastro.es\/index.php?rest_route=\/wp\/v2\/media\/2353"}],"wp:attachment":[{"href":"https:\/\/matematicastro.es\/index.php?rest_route=%2Fwp%2Fv2%2Fmedia&parent=2352"}],"curies":[{"name":"wp","href":"https:\/\/api.w.org\/{rel}","templated":true}]}}